{"id":6140,"date":"2026-04-20T16:45:57","date_gmt":"2026-04-20T14:45:57","guid":{"rendered":"https:\/\/rptu-anmeldungen.procampus.de\/?page_id=6140"},"modified":"2026-04-22T12:48:56","modified_gmt":"2026-04-22T10:48:56","slug":"ajf-bio-2026","status":"publish","type":"page","link":"https:\/\/rptu-anmeldungen.procampus.de\/de\/ajf-bio-2026\/","title":{"rendered":"<center> <h2>Anmeldung <br> Akademische Jahresfeier FB Biologie 2026<\/h2><\/center>"},"content":{"rendered":"<div class=\"wpb-content-wrapper\">[vc_row][vc_column][vc_single_image image=&#8221;6145&#8243; img_size=&#8221;full&#8221; alignment=&#8221;center&#8221;][\/vc_column][\/vc_row][vc_row][vc_column][vc_separator][\/vc_column][\/vc_row][vc_row][vc_column][vc_column_text]\r\n<p style=\"text-align: center;\"><strong>ab 17:00 Uhr &#8211; Festakt<\/strong><\/p>\r\n<p style=\"text-align: center;\">Audimax (Geb\u00e4ude 42)\r\nGru\u00dfworte \u00b7 Jahresr\u00fcckblick \u00b7 Alumnusvortrag \u00b7 Ehrungen<\/p>\r\n[\/vc_column_text][\/vc_column][\/vc_row][vc_row][vc_column][vc_separator][\/vc_column][\/vc_row][vc_row][vc_column][vc_column_text]\n<div class=\"wpcf7 no-js\" id=\"wpcf7-f6139-o1\" lang=\"de-DE\" dir=\"ltr\">\n<div class=\"screen-reader-response\"><p role=\"status\" aria-live=\"polite\" aria-atomic=\"true\"><\/p> <ul><\/ul><\/div>\n<form action=\"\/de\/wp-json\/wp\/v2\/pages\/6140#wpcf7-f6139-o1\" method=\"post\" class=\"wpcf7-form init\" aria-label=\"Kontaktformular\" novalidate=\"novalidate\" data-status=\"init\">\n<div style=\"display: none;\">\n<input type=\"hidden\" name=\"_wpcf7\" value=\"6139\" \/>\n<input type=\"hidden\" name=\"_wpcf7_version\" value=\"5.9.3\" \/>\n<input type=\"hidden\" name=\"_wpcf7_locale\" value=\"de_DE\" \/>\n<input type=\"hidden\" name=\"_wpcf7_unit_tag\" value=\"wpcf7-f6139-o1\" \/>\n<input type=\"hidden\" name=\"_wpcf7_container_post\" value=\"0\" \/>\n<input type=\"hidden\" name=\"_wpcf7_posted_data_hash\" value=\"\" \/>\n<\/div>\n<style type = \"text\/css\"> \nspan.wpcf7-list-item { display: table-row;}\nspan.wpcf7-list-item * { display: table-cell;}\nspan.wpcf7-list-item-label::before, span.wpcf7-list-item-label::after {\nmargin-left: 5px;}\n}\n<\/style>\n<p><label> Nachname* <\/label><br \/>\n<span class=\"wpcf7-form-control-wrap\" data-name=\"Nachname\"><input size=\"40\" class=\"wpcf7-form-control wpcf7-text wpcf7-validates-as-required\" aria-required=\"true\" aria-invalid=\"false\" placeholder=\"Mustermann\" value=\"\" type=\"text\" name=\"Nachname\" \/><\/span>\n<\/p>\n<p><label> Vorname* <\/label><br \/>\n<span class=\"wpcf7-form-control-wrap\" data-name=\"Vorname\"><input size=\"40\" class=\"wpcf7-form-control wpcf7-text wpcf7-validates-as-required\" aria-required=\"true\" aria-invalid=\"false\" placeholder=\"Max\" value=\"\" type=\"text\" name=\"Vorname\" \/><\/span>\n<\/p>\n<p><label> E-Mail* <\/label><br \/>\n<span class=\"wpcf7-form-control-wrap\" data-name=\"E-Mail\"><input size=\"40\" class=\"wpcf7-form-control wpcf7-email wpcf7-validates-as-required wpcf7-text wpcf7-validates-as-email\" aria-required=\"true\" aria-invalid=\"false\" placeholder=\"mustermann@rptu.de\" value=\"\" type=\"email\" name=\"E-Mail\" \/><\/span>\n<\/p>\n<p><label> Personenanzahl gesamt* <\/label><i> (mit mir selbst) <\/i><br \/>\n<span class=\"wpcf7-form-control-wrap\" data-name=\"Personen\"><input class=\"wpcf7-form-control wpcf7-number wpcf7-validates-as-required wpcf7-validates-as-number\" min=\"0\" max=\"10\" aria-required=\"true\" aria-invalid=\"false\" placeholder=\"0\" value=\"\" type=\"number\" name=\"Personen\" \/><\/span>\n<\/p>\n<p><label> Optional: Sind Sie ein Alumni? <\/label><br \/>\n<span class=\"wpcf7-form-control-wrap\" data-name=\"Alumni\"><input size=\"40\" class=\"wpcf7-form-control wpcf7-text\" aria-invalid=\"false\" placeholder=\"Alumni der Arbeitsgruppe XY\" value=\"\" type=\"text\" name=\"Alumni\" \/><\/span>\n<\/p>\n<p><br class=\"br\" \/>\n<\/p>\n<p><label> Wir bitten um Antwort bis sp\u00e4testens Sonntag, den 31.05.2026. Bei Fragen k\u00f6nnen Sie sich unter (0631) 205-2423 oder per E-Mail (bio-dekanat@rptu.de) an das Dekanat wenden. <\/label>\n<\/p>\n<p><br class=\"br\" \/>\n<\/p>\n<p><label> <span class=\"wpcf7-form-control-wrap\" data-name=\"FotoFilmStreaming\"><span class=\"wpcf7-form-control wpcf7-acceptance\"><span class=\"wpcf7-list-item\"><input type=\"checkbox\" name=\"FotoFilmStreaming\" value=\"1\" aria-invalid=\"false\" \/><\/span><\/span><\/span> Ich erkl\u00e4re mich damit einverstanden, dass w\u00e4hrend der Veranstaltung Foto- und Filmaufnahmen gemacht werden. Das Foto- und Filmmaterial wird von der Universit\u00e4t zu Zwecken der \u00d6ffentlichkeitsarbeit, z.B. zur Ver\u00f6ffentlichung in Printmedien, im Internet oder den sozialen Medien verwendet und gespeichert.*<\/label>\n<\/p>\n<p><label> <span class=\"wpcf7-form-control-wrap\" data-name=\"Zustimmung\"><span class=\"wpcf7-form-control wpcf7-acceptance\"><span class=\"wpcf7-list-item\"><input type=\"checkbox\" name=\"Zustimmung\" value=\"1\" aria-invalid=\"false\" \/><\/span><\/span><\/span> Ich habe die <a href=\"https:\/\/tuk-anmeldungen.procampus.de\/de\/datenschutz\/\">Datenschutzerkl\u00e4rung<\/a> zur Kenntnis genommen und akzeptiert. Ich stimme zu, dass meine Formularangaben zur Kontaktaufnahme bzw. zur Bearbeitung meines Anliegens gespeichert werden.*<\/label><br \/>\n<br class=\"br\" \/>\n<\/p>\n<p><input class=\"wpcf7-form-control wpcf7-submit has-spinner\" type=\"submit\" value=\"Senden\" \/>\n<\/p>\n<p><br class=\"br\" \/>\n<\/p>\n<p>*Pflichtfelder\n<\/p><div class=\"wpcf7-response-output\" aria-hidden=\"true\"><\/div>\n<\/form>\n<\/div>\n[\/vc_column_text][\/vc_column][\/vc_row]<\/div>","protected":false},"excerpt":{"rendered":"<p>[vc_row][vc_column][vc_single_image image=&#8221;6145&#8243; img_size=&#8221;full&#8221; alignment=&#8221;center&#8221;][\/vc_column][\/vc_row][vc_row][vc_column][vc_separator][\/vc_column][\/vc_row][vc_row][vc_column][vc_column_text] ab 17:00 Uhr &#8211; Festakt Audimax (Geb\u00e4ude 42) Gru\u00dfworte \u00b7 Jahresr\u00fcckblick \u00b7 Alumnusvortrag \u00b7 Ehrungen [\/vc_column_text][\/vc_column][\/vc_row][vc_row][vc_column][vc_separator][\/vc_column][\/vc_row][vc_row][vc_column][vc_column_text][\/vc_column_text][\/vc_column][\/vc_row]<\/p>\n","protected":false},"author":7,"featured_media":0,"parent":0,"menu_order":0,"comment_status":"closed","ping_status":"closed","template":"","meta":{"_acf_changed":false,"footnotes":""},"acf":[],"publishpress_future_action":{"enabled":false,"date":"2026-05-10 11:09:14","action":"change-status","newStatus":"draft","terms":[],"taxonomy":"translation_priority"},"_links":{"self":[{"href":"https:\/\/rptu-anmeldungen.procampus.de\/de\/wp-json\/wp\/v2\/pages\/6140"}],"collection":[{"href":"https:\/\/rptu-anmeldungen.procampus.de\/de\/wp-json\/wp\/v2\/pages"}],"about":[{"href":"https:\/\/rptu-anmeldungen.procampus.de\/de\/wp-json\/wp\/v2\/types\/page"}],"author":[{"embeddable":true,"href":"https:\/\/rptu-anmeldungen.procampus.de\/de\/wp-json\/wp\/v2\/users\/7"}],"replies":[{"embeddable":true,"href":"https:\/\/rptu-anmeldungen.procampus.de\/de\/wp-json\/wp\/v2\/comments?post=6140"}],"version-history":[{"count":7,"href":"https:\/\/rptu-anmeldungen.procampus.de\/de\/wp-json\/wp\/v2\/pages\/6140\/revisions"}],"predecessor-version":[{"id":6144,"href":"https:\/\/rptu-anmeldungen.procampus.de\/de\/wp-json\/wp\/v2\/pages\/6140\/revisions\/6144"}],"wp:attachment":[{"href":"https:\/\/rptu-anmeldungen.procampus.de\/de\/wp-json\/wp\/v2\/media?parent=6140"}],"curies":[{"name":"wp","href":"https:\/\/api.w.org\/{rel}","templated":true}]}}

<div class="wpb-content-wrapper">[vc_row][vc_column][vc_single_image image=&#8221;6145&#8243; img_size=&#8221;full&#8221; alignment=&#8221;center&#8221;][/vc_column][/vc_row][vc_row][vc_column][vc_separator][/vc_column][/vc_row][vc_row][vc_column][vc_column_text]
<p style="text-align: center;"><strong>ab 17:00 Uhr &#8211; Festakt</strong></p>
<p style="text-align: center;">Audimax (Gebäude 42)
Grußworte · Jahresrückblick · Alumnusvortrag · Ehrungen</p>
[/vc_column_text][/vc_column][/vc_row][vc_row][vc_column][vc_separator][/vc_column][/vc_row][vc_row][vc_column][vc_column_text]
<div class="wpcf7 no-js" id="wpcf7-f6139-o1" lang="de-DE" dir="ltr">
<div class="screen-reader-response"><p role="status" aria-live="polite" aria-atomic="true"></p> <ul></ul></div>
<form action="/de/wp-json/wp/v2/pages/6140#wpcf7-f6139-o1" method="post" class="wpcf7-form init" aria-label="Kontaktformular" novalidate="novalidate" data-status="init">
<div style="display: none;">
<input type="hidden" name="_wpcf7" value="6139" />
<input type="hidden" name="_wpcf7_version" value="5.9.3" />
<input type="hidden" name="_wpcf7_locale" value="de_DE" />
<input type="hidden" name="_wpcf7_unit_tag" value="wpcf7-f6139-o1" />
<input type="hidden" name="_wpcf7_container_post" value="0" />
<input type="hidden" name="_wpcf7_posted_data_hash" value="" />
</div>
<style type = "text/css"> 
span.wpcf7-list-item { display: table-row;}
span.wpcf7-list-item * { display: table-cell;}
span.wpcf7-list-item-label::before, span.wpcf7-list-item-label::after {
margin-left: 5px;}
}
</style>
<p><label> Nachname* </label><br />
<span class="wpcf7-form-control-wrap" data-name="Nachname"><input size="40" class="wpcf7-form-control wpcf7-text wpcf7-validates-as-required" aria-required="true" aria-invalid="false" placeholder="Mustermann" value="" type="text" name="Nachname" /></span>
</p>
<p><label> Vorname* </label><br />
<span class="wpcf7-form-control-wrap" data-name="Vorname"><input size="40" class="wpcf7-form-control wpcf7-text wpcf7-validates-as-required" aria-required="true" aria-invalid="false" placeholder="Max" value="" type="text" name="Vorname" /></span>
</p>
<p><label> E-Mail* </label><br />
<span class="wpcf7-form-control-wrap" data-name="E-Mail"><input size="40" class="wpcf7-form-control wpcf7-email wpcf7-validates-as-required wpcf7-text wpcf7-validates-as-email" aria-required="true" aria-invalid="false" placeholder="mustermann@rptu.de" value="" type="email" name="E-Mail" /></span>
</p>
<p><label> Personenanzahl gesamt* </label><i> (mit mir selbst) </i><br />
<span class="wpcf7-form-control-wrap" data-name="Personen"><input class="wpcf7-form-control wpcf7-number wpcf7-validates-as-required wpcf7-validates-as-number" min="0" max="10" aria-required="true" aria-invalid="false" placeholder="0" value="" type="number" name="Personen" /></span>
</p>
<p><label> Optional: Sind Sie ein Alumni? </label><br />
<span class="wpcf7-form-control-wrap" data-name="Alumni"><input size="40" class="wpcf7-form-control wpcf7-text" aria-invalid="false" placeholder="Alumni der Arbeitsgruppe XY" value="" type="text" name="Alumni" /></span>
</p>
<p><br class="br" />
</p>
<p><label> Wir bitten um Antwort bis spätestens Sonntag, den 31.05.2026. Bei Fragen können Sie sich unter (0631) 205-2423 oder per E-Mail (bio-dekanat@rptu.de) an das Dekanat wenden. </label>
</p>
<p><br class="br" />
</p>
<p><label> <span class="wpcf7-form-control-wrap" data-name="FotoFilmStreaming"><span class="wpcf7-form-control wpcf7-acceptance"><span class="wpcf7-list-item"><input type="checkbox" name="FotoFilmStreaming" value="1" aria-invalid="false" /></span></span></span> Ich erkläre mich damit einverstanden, dass während der Veranstaltung Foto- und Filmaufnahmen gemacht werden. Das Foto- und Filmmaterial wird von der Universität zu Zwecken der Öffentlichkeitsarbeit, z.B. zur Veröffentlichung in Printmedien, im Internet oder den sozialen Medien verwendet und gespeichert.*</label>
</p>
<p><label> <span class="wpcf7-form-control-wrap" data-name="Zustimmung"><span class="wpcf7-form-control wpcf7-acceptance"><span class="wpcf7-list-item"><input type="checkbox" name="Zustimmung" value="1" aria-invalid="false" /></span></span></span> Ich habe die <a href="https://tuk-anmeldungen.procampus.de/de/datenschutz/">Datenschutzerklärung</a> zur Kenntnis genommen und akzeptiert. Ich stimme zu, dass meine Formularangaben zur Kontaktaufnahme bzw. zur Bearbeitung meines Anliegens gespeichert werden.*</label><br />
<br class="br" />
</p>
<p><input class="wpcf7-form-control wpcf7-submit has-spinner" type="submit" value="Senden" />
</p>
<p><br class="br" />
</p>
<p>*Pflichtfelder
</p><div class="wpcf7-response-output" aria-hidden="true"></div>
</form>
</div>
[/vc_column_text][/vc_column][/vc_row]</div>

<p>[vc_row][vc_column][vc_single_image image=&#8221;6145&#8243; img_size=&#8221;full&#8221; alignment=&#8221;center&#8221;][/vc_column][/vc_row][vc_row][vc_column][vc_separator][/vc_column][/vc_row][vc_row][vc_column][vc_column_text] ab 17:00 Uhr &#8211; Festakt Audimax (Gebäude 42) Grußworte · Jahresrückblick · Alumnusvortrag · Ehrungen [/vc_column_text][/vc_column][/vc_row][vc_row][vc_column][vc_separator][/vc_column][/vc_row][vc_row][vc_column][vc_column_text][/vc_column_text][/vc_column][/vc_row]</p>
